= x*i + 2, 2*l = -5*i + 14. List the prime factors of i.
2
Let t(l) = 14*l - 17. Let b = 69 + -65. List the prime factors of t(b).
3, 13
Suppose 0*m = m - 5. Suppose -4*v + c = -74 - 167, 2*v - 137 = -m*c. List the prime factors of v.
61
List the prime factors of 129/(-12)*(-167 + -1).
2, 3, 7, 43
Suppose 0*f = 4*f - 904. Suppose -4*s + 2 = -f. List the prime factors of s.
3, 19
Let c(s) = s**3 + 0*s**3 + 3 + 5*s + 1 + 6*s**2 + 4*s**2. What are the prime factors of c(-9)?
2, 5
Let j be (8/(-3))/(30/9 + -3). List the prime factors of 7/(42/j)*(-2 - 34).
2, 3
Let s be (4/12*-6)/((-2)/(-5)). List the prime factors of (176/s)/(10/(-25)).
2, 11
Let m(c) = 29*c - 11. Let s(u) = -29*u + 10. Let b(n) = 4*m(n) + 3*s(n). List the prime factors of b(5).
131
Let j be (-1)/3 + 46/(-6). Let m = 7 + j. List the prime factors of 8/(-2 + (-3)/m).
2
Suppose -85*y - 80990 = -339220. List the prime factors of y.
2, 7, 31
Let a(u) = -2*u**2 + 3*u + 133. List the prime factors of a(0).
7, 19
Suppose 5*y = 2*m + 196, -5*m + y - 491 = 45. Let z = -45 - m. List the prime factors of z.
3, 7
Let m = -199 + 222. List the prime factors of m.
23
Let p = -39 + 35. List the prime factors of ((-9)/(-30)*5)/((-3)/p).
2
Let l(g) = 51*g - 55. List the prime factors of l(5).
2, 5
Let t = 14 - 10. Suppose 81 = 5*q + i, 6*i - t*i = q - 14. Suppose -2*j = -0*j - q. What are the prime factors of j?
2
Let t be 8*(-1 + -3 + 3). Let r = t + 9. What are the prime factors of 453/12 - r/(-4)?
2, 19
Let u(f) = -f**2 + 4*f + 5. Let i be u(4). Suppose 19 = -2*b - 5*w + 140, 0 = i*b + 5*w - 310. What are the prime factors of b?
3, 7
Suppose -6*a = -2*a. Suppose -3*l - 4*i - i + 18 = a, -5*l + 3*i = -30. List the prime factors of 135/l*12/15.
2, 3
Suppose 3255 = 2*j + 10*y - 7*y, -3*j - 2*y + 4885 = 0. List the prime factors of j.
3, 181
Suppose 5*z = -2*y + 2341, -5*y + 5863 = -z + 3*z. What are the prime factors of y?
3, 17, 23
Suppose -11 = 3*t + 10. Let x be 24/7 - 4/t. Suppose -x*k + k = -18. What are the prime factors of k?
2, 3
Suppose -4*x + 16 + 8 = 0. Suppose 5*c = 5*t, 0*c + c + x = 3*t. Suppose z + 12 = t*z. List the prime factors of z.
2, 3
Suppose -3*w = -5*p + 1941, 2*p - 21*w = -17*w + 768. List the prime factors of p.
2, 3, 5, 13
Let m be ((-24)/15)/((-2)/10). Suppose 4*s - 6*s + 2*u = -m, 7 = 2*s - u. List the prime factors of s - 6 - -9 - 2.
2
Let x(p) = p + 2. Let d be x(4). Suppose d = 2*v - 0. List the prime factors of v.
3
Let u(f) = 6*f**2 - 10 - 5*f + 4*f + 6*f - f**3 + 4*f. Let b be u(7). Let c(w) = -w**3 + 5*w**2 + w - 2. What are the prime factors of c(b)?
2, 3
Let n = 329 + 133. Suppose 0 = -29*m + 32*m - n. List the prime factors of m.
2, 7, 11
Let y(g) = -g**2 - 6*g - 3. Let m be y(-4). Suppose m*d = 2*d. Suppose 2*l + l - 111 = d. What are the prime factors of l?
37
Suppose 0 = r + 61 - 635. What are the prime factors of r?
2, 7, 41
Let k = 1011 + -666. Let c = k + -102. What are the prime factors of c?
3
Let f be ((-3)/2)/((-57)/76). Suppose -a + n + 72 = 0, -n + 302 = 4*a + f*n. What are the prime factors of a?
2, 37
Let v(b) = -b. Let j be v(-1). Let w(d) = -18*d + 7. Let s(a) = 19*a - 6. Let x(c) = 5*s(c) + 4*w(c). What are the prime factors of x(j)?
3, 7
Suppose 3*z - 11*b + 13*b - 937 = 0, -5*z - b = -1557. List the prime factors of z.
311
Let a(i) = 5*i + 2. Let t(x) = 4*x + 1. Let s(o) = 3*a(o) - 4*t(o). Let b(m) = m**3 - 5. Let f be b(0). List the prime factors of s(f).
7
Let y = 16 + -13. Suppose 2*r - 206 = -2*r - y*g, -218 = -4*r + 3*g. List the prime factors of r.
53
Let s(u) = -u**3 + 6*u**2 + 9*u - 10. Let c be s(7). Suppose -2*v = -2*r - 78, -c*r + 9*r + 20 = 0. What are the prime factors of v?
5, 7
Let y(d) = 3*d + 2*d**3 - d**3 - 5*d**2 - 2*d + d**3 - 9. Let z be y(4). Suppose z + 18 = t. What are the prime factors of t?
61
Suppose 5*c - 2*f - 658 = 3286, -8 = 4*f. What are the prime factors of c?
2, 197
Let a = 213 + -148. What are the prime factors of a?
5, 13
Let t = 128 - 126. Suppose 4*k = t*l + 1046, -4*k + l + 446 = -603. What are the prime factors of k?
263
Suppose 278*l = 276*l + 516. List the prime factors of l.
2, 3, 43
Let m(u) = 13*u - 13. Let z be m(6). Let p = 153 - z. What are the prime factors of p?
2, 11
Suppose -165*w = -170*w + 2445. What are the prime factors of w?
3, 163
Let b(k) = k**3 - 10*k**2 + 21*k + 3. What are the prime factors of b(11)?
5, 71
Suppose 2193 + 312 = 5*q. Suppose -30*v = -33*v + q. List the prime factors of v.
167
Let v be (-45)/(-12) - 2/(-8). Let s(j) = -j**3 + 3*j**2 + 2*j + 5. Let w be s(v). What are the prime factors of (14/3)/((-1)/w)?
2, 7
Suppose -5988 = 359*c - 365*c. List the prime factors of c.
2, 499
List the prime factors of (-2 + (-54)/(-24) + 3)*152.
2, 13, 19
Let k(p) = -p**2 - p + 18. Let v be k(0). Suppose -5*h + 7 + v = -3*o, 5*o + 20 = 4*h. Suppose o = 2*r + 2*r - 112. What are the prime factors of r?
2, 7
Let g be 2/((-6)/7)*-3. Let w(q) = g*q - 5*q - 13*q - 7*q - 2. What are the prime factors of w(-1)?
2
Suppose 5 = 2*s + 23. Let l(k) be the first derivative of -k**4/4 - 3*k**3 - 5*k**2/2 - 6*k + 1. What are the prime factors of l(s)?
3, 13
Suppose -7*p = -5*p - 258. Let f = p - 108. List the prime factors of f.
3, 7
Suppose -7*m = -12*m - 210. Suppose -3*s - 4 - 11 = 0, -3*k = 2*s + 220. Let c = m - k. What are the prime factors of c?
2, 7
Let n(s) = 8*s + 15. Suppose -14 = 2*m - 3*m - 2*p, -4*m + p + 38 = 0. List the prime factors of n(m).
5, 19
What are the prime factors of (-62172)/(-55)*5 - 6?
2, 3, 941
Let k(h) = 4*h - 3. Let c(w) = 7*w - 5. Let l(d) = -3*c(d) + 5*k(d). Suppose -1 = -s - 6. What are the prime factors of l(s)?
5
Let w = 39 - -718. List the prime factors of w.
757
Let m be 5/15 - (-2)/(-6). Suppose m = -z + 2, 4*w + 0*z = -z + 190. List the prime factors of w.
47
Let m(h) = 401*h - 48. What are the prime factors of m(7)?
31, 89
Suppose -x + 5*l - 3 = 0, -1 = 16*l - 17*l. What are the prime factors of x?
2
Let c(y) = 11*y**2 - 16*y - 51. List the prime factors of c(7).
2, 47
Suppose 3*h = -2*o + 341 + 870, 2*o - 2*h - 1186 = 0. List the prime factors of o.
2, 13, 23
Let v = -1252 + 1850. List the prime factors of v.
2, 13, 23
Suppose 0 = -4*h - 4 + 24. Suppose 0 = -3*x - 3*f + f + 106, -h*x = 2*f - 182. What are the prime factors of x?
2, 19
Let q = -47 + 93. Suppose -u = u + q. Let k = -14 - u. What are the prime factors of k?
3
List the prime factors of 51861/295 + ((-33)/(-15) - 2).
2, 11
Suppose -3882 = -6*x + 3984. What are the prime factors of x?
3, 19, 23
Let d = -260 + 385. Let s = -20 + d. List the prime factors of s.
3, 5, 7
Let p = -358 + 652. What are the prime factors of p?
2, 3, 7
Let b(p) = 11*p**2 + 17*p - 17. What are the prime factors of b(5)?
7
Let l = 10 + -6. Suppose -4*u = i - 5*i - 20, -l*u - 4 = 4*i. List the prime factors of (-1)/u*-34 + -1.
2
Let o(a) = 319*a**2 + 3*a. What are the prime factors of o(-1)?
2, 79
Let t = 5260 + 905. List the prime factors of t.
3, 5, 137
Let b = 54 + -53. What are the prime factors of b*238 - (-8 - -6)?
2, 3, 5
Suppose 5*b = -a + 31 + 18, -37 = -a - b. Let x = a - 0. What are the prime factors of x?
2, 17
Let a(y) = 2*y**3 + 2*y**2 - 3*y - 12. List the prime factors of a(6).
2, 3, 79
Let o(g) = g**2 + 3. Let y be o(0). Let p(z) = 12*z**2. List the prime factors of p(y).
2, 3
Let y(p) = 25*p**2 + 2*p + 1. Let a(s) = -s - 3. Let h be a(-4). Suppose h = -5*m + 4*m. List the prime factors of y(m).
2, 3
List the prime factors of (2/((-28)/1673))/((-1)/2).
239
Let f = 7 + -19. Let c(s) = s**3 + 12*s**2 - 12*s - 15. What are the prime factors of c(f)?
3, 43
Let u(r) = -48*r - 104. What are the prime factors of u(-10)?
2, 47
Suppose -12*x + 17326 = -24074. What are the prime factors of x?
2, 3, 5, 23
Suppose 0 = 44*z - 33*z - 9922. List the prime factors of z.
2, 11, 41
Let k be 4/3*21/7. Suppose 2*b = 3*q + b - 76, -k*q + 99 = b. What are the prime factors of q?
5
Let i(v) = -v**3 + 10*v**2 + 13*v + 1. Let x be i(9). Suppose 5*z + 138 = 3*u, -2*u - 3*u = 2*z - x. List the prime factors of u.
41
Let w(f) = 46*f + 577. Let r be w(-12). Let i be (18 - 0) + 2/(-2). Let u = r - i. What are the prime factors of u?
2
Let a(u) = 15*u - 48. List the prime factors of a(10).
2, 3, 17
Let j be ((-84)/(-3))/((-2)/(-1)).